st common divisor of r and 45.
9
Suppose 2*p = 3 + 1. Suppose -p*g + d + 20 = -10, 0 = 4*g + 2*d - 44. Calculate the greatest common factor of 65 and g.
13
Let y(q) = q + 5. Let v be y(-4). Calculate the highest common divisor of 11 and v.
1
Let c be (-34)/8 + (-1)/(-4). Let o be c/(-10) - (-352)/20. Let h be -24*((-20)/8)/5. What is the highest common divisor of h and o?
6
Let b = -36 + 56. Calculate the greatest common divisor of b and 140.
20
Let q(d) be the first derivative of d**4/4 - 5*d**3/3 + d**2/2 + 3*d - 6. Let h be q(5). What is the highest common factor of 24 and h?
8
Let l(a) = -48*a. Let n be l(-1). What is the greatest common divisor of 6 and n?
6
Let z = -14 - -47. Calculate the greatest common factor of 22 and z.
11
Let x be -1 + 0 + 3 + 3. Suppose 0*r - x*r = -285. Calculate the greatest common factor of 19 and r.
19
Suppose z - 2*z + 5 = 0. Suppose r - 18 = -z. What is the highest common factor of 26 and r?
13
Let y(s) = 5*s**2 + 4*s. Let x be y(-4). Let l = -34 + x. What is the highest common divisor of l and 20?
10
Let s be 53 - (-3 - -4)*-3. Calculate the greatest common factor of 84 and s.
28
Let h(t) = t**3 + 5*t**2 - 9*t - 15. Let o be h(-6). Calculate the highest common factor of o and 1.
1
Let k be (-7)/(0 + (-2)/20). Suppose 4*h = n - 7, n + 2*h = 5*n - 14. Let r = 7 + n. What is the highest common factor of r and k?
10
Let x = 66 + -46. Calculate the greatest common factor of 20 and x.
20
Let i(o) = 10*o + 3. Let w(z) = -3*z - 1. Let l(u) = -2*i(u) - 7*w(u). Let k be l(0). Let j be 0/(-3) - (-6)/6. Calculate the highest common factor of j and k.
1
Suppose 0 = -x - 4*f + 12, 5*x - f - 81 = -0*f. Let q(l) = l**3 - 2*l**2 - 5*l - 2. Let i be q(6). What is the highest common divisor of x and i?
16
Suppose -b + 14 = 3*z, -4*z + 17 + 7 = 4*b. Suppose -4*v = -0*y + y - 87, 0 = -b*v - 6. Calculate the highest common factor of 11 and y.
11
Suppose 2*p - 2*h = 9 + 5, 5*p = -4*h + 53. What is the greatest common factor of p and 72?
9
Let k be 5390/56 + 1/(-4). Suppose 0 = 4*r - 0*r - k. Suppose 2 + 78 = 5*u. Calculate the highest common factor of r and u.
8
Let o(h) = 127*h**3 + h. Let b be o(1). Let q be (-24)/(-18)*2*60/5. What is the highest common factor of b and q?
32
Suppose -2*y - 43 = -95. What is the greatest common factor of 39 and y?
13
Suppose 10 + 100 = 2*z. What is the highest common factor of 11 and z?
11
Suppose 12 = -4*n, 0 = -l + 3*l - 5*n - 29. Let o be 0 + -2 - (-84)/l. What is the greatest common divisor of 2 and o?
2
Let u(l) = -l**2 - 13*l + 18. Let x be u(-14). Calculate the greatest common divisor of 8 and x.
4
Let t(s) = 4*s**2 - 4*s - 6. Let f(k) = k**2 + k - 3. Let y be f(0). Let q be t(y). Calculate the greatest common divisor of q and 14.
14
Let n be 10/((4*-2)/(-4)). What is the highest common divisor of n and 25?
5
Suppose i + 4*y - 50 = 0, 6*i + y = 2*i + 170. Suppose 0 = 4*g + 6 - i. What is the highest common factor of 63 and g?
9
Suppose 20*v - 18*v = 80. What is the highest common divisor of 160 and v?
40
Let q be 1 - 51*(-6)/9. What is the highest common divisor of 14 and q?
7
Let t = 2 - 0. Suppose j + t - 10 = 0. What is the highest common factor of j and 88?
8
Let u(b) = 2*b**2 + 3*b - 21. Let l be u(-7). What is the greatest common factor of 16 and l?
8
Let q be (-10)/20 + (-5)/(-2). Suppose -5*p + 46 = 5*r - q*p, -2*p - 28 = -2*r. What is the highest common factor of r and 22?
11
Suppose 4*y = -5*w + 16, -4*w + w + 11 = y. Suppose 0 = -w*v - 15 - 13. Let h be (-313)/v - (-10)/35. Calculate the highest common divisor of h and 15.
15
Let o(u) = u**3 - 19*u**2 + 18*u + 26. Let k be o(18). Calculate the greatest common divisor of k and 26.
26
Let r(d) = 6*d**2 + 20*d - 12. Let n be r(-9). Calculate the highest common factor of 42 and n.
42
Suppose -2*d - 3*y - 3 = -13, 0 = d + y - 4. Suppose 0 = -d*m - 3*m - 15. Let h = m - -5. Calculate the highest common divisor of h and 5.
1
Suppose -35 = 7*d - 490. Calculate the highest common factor of 13 and d.
13
Let a be 4 + (-3)/3 + -1. Let b(h) = 6*h. Let j be b(1). Calculate the greatest common factor of j and a.
2
Let v(g) = -5*g**2 - 4*g - 2. Let x be 3/(2/((-12)/9)). Let i be v(x). Let o be 4/i - (-204)/28. What is the highest common factor of o and 77?
7
Suppose 0*u - 100 = -5*u. Suppose 0 = 2*j - 7*j + u. Suppose 4*w + 14 + 6 = 2*r, 3*w + 27 = 3*r. What is the greatest common divisor of r and j?
4
Let q = -14 - -20. Calculate the highest common divisor of q and 4.
2
Let m be (1 - 26) + (-3)/3. Let v = m + 36. Calculate the highest common divisor of v and 20.
10
Let z = 25 + -11. Let p = 5 + -3. Suppose -2 = i - p*i. Calculate the greatest common factor of i and z.
2
Suppose -39*y + 612 = -36*y. What is the greatest common factor of y and 51?
51
Suppose 54 = -3*m - 0. Let w = -2 - m. Calculate the highest common factor of w and 24.
8
Let t = -10 - -4. Let m = 54 + t. Suppose -5*j = -2*j - 36. What is the highest common factor of j and m?
12
Suppose 3*a = -4*c + 26, -3*c = 2*c + 5*a - 30. Let f be (-12)/((-1)/4*2). Calculate the highest common divisor of c and f.
8
Let r be -66*(-1 - (4 - 2)). Let w = r + -107. Suppose -5*d = 5*a - 60, -1 = 3*d + 2. Calculate the highest common divisor of w and a.
13
Suppose 4*g + g = 495. What is the greatest common divisor of g and 33?
33
Suppose 3*f - 4*m - 256 - 874 = 0, 3*f - m = 1133. Calculate the highest common factor of f and 54.
54
Suppose 0 = 3*f - 9, f + 4 + 0 = k. What is the greatest common divisor of k and 77?
7
Let n(y) = -2*y - 14. Let v be n(-7). Suppose v = -2*a - a + 72. What is the highest common factor of a and 60?
12
Suppose p + 0*p = 4*m - 200, -2*m = -5*p - 100. What is the highest common factor of 10 and m?
10
Suppose w - 33 - 15 = 0. Let k = 80 - w. Calculate the highest common factor of 8 and k.
8
Let y be 0 + 1 + -8 + 112. Calculate the highest common factor of 15 and y.
15
Let z = 4 + 2. Let k be (z/(-3))/((-1)/6). Calculate the highest common factor of k and 24.
12
Let f = 850 + -410. Let r be f/56 + 1/7. Let o = 124 + -36. Calculate the greatest common divisor of r and o.
8
Suppose -5*x + 19 = -56. What is the highest common divisor of 45 and x?
15
Suppose -k + 5 = 2. Suppose -5*w = -3*t + 12, -k*t + 0*t - 4*w = 15. Let j be -12*(17/(-3) - t). Calculate the greatest common divisor of j and 7.
7
Let u = -19 - -16. Let l be (u - -1) + 3 + 14. What is the highest common factor of l and 15?
15
Suppose -24 = 3*d - 9. Let r(a) be the second derivative of a**4/12 + a**3/2 + a**2/2 - 2*a. Let h be r(d). What is the greatest common divisor of h and 99?
11
Let y = 78 + -51. Suppose -4*v + 27 = -v. What is the highest common factor of y and v?
9
Let d(m) = -m**2 + 21*m - 12. Let g be d(19). Calculate the highest common divisor of 13 and g.
13
Let p be 3*(4/6)/1. Suppose 25 = p*n + 3. Suppose -54 - 56 = -2*y. Calculate the greatest common factor of y and n.
11
Let n(u) = 12*u**3 - u**2 + 1. Let s be n(1). Let q be 6 - ((-4)/(-1))/(-2). What is the highest common factor of q and s?
4
Let f(u) = u**2 + 7*u + 11. Let d be f(-11). What is the highest common factor of 11 and d?
11
Let c(a) = -10*a**2 + 2. Let h be c(4). Let m = 221 + h. Suppose -r + 3*i = -9, -3*r + i - 11 = -38. Calculate the greatest common factor of m and r.
9
Let k(w) = -w**2 + 3*w + 1. Let m be k(5). Let g = m - -10. Let d(z) = -7*z**3 + z**2 + 2*z + 1. Let c be d(-1). Calculate the highest common factor of c and g.
1
Suppose -a = -5*a + 8. Suppose -79 = -2*t - a*t + 3*k, -5*k = t - 37. What is the highest common factor of t and 2?
2
Suppose -3*o - o + 572 = 0. What is the greatest common divisor of 22 and o?
11
Let b = -1 + 3. Let d be (16/(-10))/(b/(-10)). What is the highest common factor of d and 24?
8
Let g be (-6)/(-15) - 24/10. Let n be ((-1)/g)/(4/16). Suppose -5*i - u + 37 = -n*u, -u + 43 = 5*i. Calculate the greatest common factor of 32 and i.
8
Suppose -4*k + 22 = -26. Suppose -3*j = -k - 0. Suppose 0 = -4*d + 16, -5*h + 0*h = -j*d - 89. Calculate the highest common factor of h and 21.
21
Let k(j) = 5*j**3 - j**2 + 2*j + 1. Let w be k(3). What is the greatest common divisor of 19 and w?
19
Suppose -5*d + 485 = 5*k - 0*d, -4*k + 2*d = -364. Suppose m + 68 = 2*b, -4*b - 3*m + k = -b. What is the highest co